197 = -78*w. What is the remainder when w is divided by 16?
2
Suppose 2*a - 2 = 2. Suppose 4*v = v - a*h + 336, v - 2*h - 120 = 0. Calculate the remainder when v is divided by (-1 - -6*5)*1.
27
Let r = 28 + -29. What is the remainder when 37 is divided by 4/r + (13 - -1)?
7
Suppose 5 = -2*n + 13. Let p(x) = x + 10. What is the remainder when p(13) is divided by n?
3
Let s(n) = 2*n**2 + 8*n - 5. Let x be s(-5). Suppose 3*g + 0*g = -5*o + 440, 315 = 4*o - x*g. Calculate the remainder when o is divided by 44.
41
Let l be -2 - ((1 - 0) + 1 + -11). Suppose 0 = o - l - 4. Calculate the remainder when 31 is divided by o.
9
Calculate the remainder when 8 is divided by (-6)/(-2) - (39 - 39).
2
Let y = -114 + 164. Let f(a) be the first derivative of 2*a**2 - 7*a - 10. What is the remainder when y is divided by f(5)?
11
Suppose 2*r = -2, -v - 2 - 4 = 4*r. Let i(k) = k**3 + 3*k**2 + 3*k + 2. Let x be i(v). Suppose -4*c + 17 + 55 = x. What is the remainder when c is divided by 7?
4
Let n(o) = -o + 9*o**2 - 3*o**3 + o**3 - 4 + 4*o**3 - 3*o**3. Let b be n(9). Calculate the remainder when b*((-20)/4 + 3) is divided by 15.
11
Suppose g - 3*a - 3 = 0, 2*g + 0*g - 18 = 3*a. Suppose 5*n + d + d = 0, g = -3*d. Suppose -n*r + 6 = -34. Calculate the remainder when 38 is divided by r.
18
Let t = 48 + -42. Let j be -2*(-20)/(4/(-2)). Let w = 37 + j. What is the remainder when w is divided by t?
5
Let f(x) be the second derivative of -x**6/240 + x**4/3 - 7*x. Let r(p) be the third derivative of f(p). Calculate the remainder when 21 is divided by r(-2).
3
Let r(c) = 4*c - 1. Let z be r(3). Let y = 9 + z. What is the remainder when 59 is divided by y?
19
What is the remainder when 1/3*(657 + -12) is divided by 36?
35
Suppose 0 = -2*t - 3*g + 24, 14*t + 3*g = 15*t - 12. Let u = 100 - -5. What is the remainder when u is divided by t?
9
Let k = 19 - 25. Let u be (-26)/k + (-6)/18. Let b(j) = -j**3 + 6*j**2 - 2*j - 4. Calculate the remainder when 77 is divided by b(u).
17
Let q(o) = 2*o**2 + 26*o + 25. What is the remainder when q(-16) is divided by 18?
13
Let c(i) = -i + 13. Let d be c(9). Suppose v - 4*l = 71 - 26, -d*l = -20. Calculate the remainder when v is divided by -17*1*-1*1.
14
Suppose x - 6*x = 20. Let b be 20 + ((-16)/x - 8). Suppose -5*h = 2*a - b, a - 9 = 2*h + 8. Calculate the remainder when 37 is divided by a.
11
Calculate the remainder when 41 is divided by (-8)/20 + (-351)/(-15) + -1.
19
Let p be 3 + (-2 + 2)/4. Calculate the remainder when p/(-2) + 2574/44 is divided by 20.
17
Let k be 48/(-6)*(-3)/12. Suppose -r + 2*f + 1 + 9 = 0, 4*r = k*f + 22. What is the remainder when 6 is divided by r?
2
Let o(k) = 17*k + 146. What is the remainder when 461 is divided by o(-3)?
81
What is the remainder when (-17118)/(-22) + 7 + (-858)/121 is divided by 65?
63
Let z = -164 - -176. Let a = -4 - -10. Suppose -4*q + 2*j = -30, -5*j - 40 = q - a*q. What is the remainder when z is divided by q?
5
Suppose -5 - 17 = -q. Suppose -2*a + a + 3 = 0, 4*a + q = p. Suppose m = -m + p. Calculate the remainder when 49 is divided by m.
15
What is the remainder when 359 is divided by 23925/462 + (-6)/(-28)?
47
Let y(n) = n**2 + 34*n + 428. Calculate the remainder when y(-39) is divided by 4.
3
Suppose 24*y - 112 = 20*y. Calculate the remainder when y is divided by 15.
13
Let m(i) = 6*i**2 - 8*i - 1. Let t = -92 + 86. What is the remainder when m(t) is divided by 33?
32
Suppose -n + 33 = 2*n. Let o be (6*-1)/((-3)/22). What is the remainder when n is divided by o/12 - (-3)/9?
3
Let y = -31 + 33. Suppose -8 = -2*l + y. Suppose l*w = 4*w + 6. Calculate the remainder when 34 is divided by w.
4
Let k(o) be the first derivative of o**2 - 25*o + 31. What is the remainder when k(18) is divided by 4?
3
Let a(r) = 2*r**2 - 2*r - 1. Suppose 0 = -9*l + 10*l - 2. What is the remainder when 3 is divided by a(l)?
0
Suppose -2*y = 4*x - 16, -5*x + 33 = -3*y + 2. Suppose -4*g + 4*f = -12, 2*g - 5*g + 11 = -2*f. What is the remainder when x is divided by g?
0
Let v(d) be the second derivative of 9*d**4/4 + d**3/6 - d**2/2 + 6*d. Calculate the remainder when v(1) is divided by 6.
3
Let k(s) = -s**3 - 7*s**2 + 9*s. Let u be k(-8). Let f(i) = i**2 + 8*i + 5. Let c = 52 + -35. Calculate the remainder when c is divided by f(u).
2
Let n(l) = 2*l**2 + 4*l + 3. Let p be n(-2). Suppose p*u - 4*u + 2*i + 42 = 0, 0 = 4*i + 20. Calculate the remainder when u is divided by 12.
8
Suppose 638*y = 639*y - 48. Calculate the remainder when y is divided by 39.
9
Let f(v) = 16*v - 105. Let t(g) = 9*g**2 + 2*g. Let o be t(2). Suppose 4*r - 2*z = o, -2*z + 4 + 4 = 0. Calculate the remainder when r is divided by f(7).
5
Suppose 4*c - b = -6*b + 55, -3*c + 46 = -b. Calculate the remainder when ((-6)/7)/(c/(-140)) is divided by 4.
0
Let d be (0 + -3)/(-1 - 2). Let u = d - -4. Suppose -2*q + 10 = 2, -q = u*h - 69. Calculate the remainder when h is divided by 5.
3
Let l = -21 - -26. Suppose 2*r - 2*c - 2 = 2, 17 = -l*r - 4*c. Calculate the remainder when 81 is divided by 3 - (-15 - (-5 - r)).
11
Let x = -351 - -380. Calculate the remainder when 104 is divided by x.
17
Suppose -6 = d - 3*d. Suppose -d*y - 3*i + 12 = 0, y - 24 = 3*i + i. What is the remainder when 13 is divided by y?
5
Suppose 2*p - p = -2*p. Suppose 5*d + 5*d - 290 = p. What is the remainder when d is divided by 8?
5
Let t(m) = 2*m**3 + 6*m + 6. Let n be t(4). Let r = n - 56. Calculate the remainder when r is divided by 13.
11
Let l(x) = 3*x**2 - x. Let g be l(1). Suppose 5*z - 2*j = -0*j + 12, -4*z + 6 = g*j. Calculate the remainder when 30*1/z - 1 is divided by 8.
6
Calculate the remainder when 713 is divided by (-39)/26*(-22)/3.
9
Let d = 9 - 13. Suppose -16*i = -19*i + 18. What is the remainder when 4 is divided by d*((-27)/i - -4)?
0
Let z(o) = -o**3 - 12*o**2 + 3*o - 3. Let u be z(-12). Let r = 65 + u. What is the remainder when r is divided by 8?
2
Let z = -300 + 351. Calculate the remainder when 94 is divided by z.
43
Suppose -1 + 8 = x. Suppose s + 3*w = -7, -3*s + 12 = -2*w - 0*w. Suppose -10*r = -s*r - 24. Calculate the remainder when x is divided by r.
1
Suppose -18*k = -16*k - 52. Let a = 76 - 38. What is the remainder when a is divided by (k/(-3))/((-26)/39)?
12
Let g = -131 - -140. What is the remainder when 26 is divided by g?
8
Let l = 113 + -107. Calculate the remainder when ((-26)/(-39))/(l/639) is divided by 20.
11
Suppose 2*n + 5*c - 26 = 0, 5*n - 7 = 5*c + 23. Calculate the remainder when 54 is divided by n.
6
Let u = 2401 - 2320. Calculate the remainder when u is divided by 29.
23
Suppose -13*t + 416 = -156. Suppose 13*h = 9*h + t. Calculate the remainder when 40 is divided by h.
7
Calculate the remainder when ((-100)/6)/(8/(-12)) is divided by (-12)/30 + (-134)/(-10).
12
Suppose -48 = 3*u - 135. Let n be 0 + 18/(-5) + (-45)/(-75). Let c(x) = -5*x - 5. What is the remainder when u is divided by c(n)?
9
Suppose -17*l + 84 = -20*l. Suppose 5*x - 169 = -39. Calculate the remainder when x is divided by (49/l)/((-3)/12).
5
Let m be (-2)/9 - (-13)/(-9)*85. Let i = -37 - m. Calculate the remainder when i is divided by 15.
11
Suppose 307 = 3*b - 17. Calculate the remainder when b is divided by 28.
24
Let s be -3*((-410)/(-15) - 4). Let q = 82 + s. Calculate the remainder when 107 is divided by q.
11
Let d = -8 - -10. What is the remainder when 32 is divided by ((-34)/(-4))/(d/4)?
15
Suppose 2*n = 5*n - 36. Suppose 26 = 4*p + 18. Suppose p*z = -5*u - 11, u + 26 = 3*z - 0*u. Calculate the remainder when n is divided by z.
5
Suppose w - 17 = -3*f, 0*w - 5*f + 5 = -3*w. Let l(c) = c**2 - 6*c - 466. What is the remainder when l(-19) is divided by w?
4
Let v(b) = 34 - 4*b - 17 - 51. Calculate the remainder when 68 is divided by v(-13).
14
Suppose -45*g - 120 = -42*g - 3*c, -2*g - 5*c = 52. Let k = -9 - -18. What is the remainder when 36 is divided by (-476)/g + (-2)/k?
10
Calculate the remainder when 263 is divided by (-5 - -4)*-2 + 51.
51
Let t(d) = -d**2 - 10*d + 19. Let q be t(-13). What is the remainder when 8 + -6 - (-2 + -93) is divided by (-516)/q - 4/5?
22
Calculate the remainder when 140*17/(-68)*(-1)/5 is divided by 2*1/(-4)*-10.
2
What is the remainder when ((-729)/(-108))/(2/8) is divided by 11?
5
Let t = -29 + 44. Calculate the remainde